. Suppose 0*l + 1632 = 4*l + r, -2*l = c*r - 830. Suppose -4*x - a - 86 + l = 0, -10 = -2*a. What are the prime factors of x?
79
Suppose -q - 464 = c - 2*c, 4*q = 3*c - 1396. What are the prime factors of 1 - c/(-5) - (1 + -1)?
3, 31
Let b be 2/(-18) + 5*(-28)/(-45). Suppose s - b = -4*t + 20, 2*t + 1 = -3*s. List the prime factors of t.
7
Let s be (0 - (0 + 2))*(-861)/(-82). What are the prime factors of (1 + s)*(4 - 624/15)?
2, 47
List the prime factors of (-25 - 771759/(-36))/((-4)/(-16)).
97, 883
What are the prime factors of 30286/10 - ((-816)/(-85) - 10)?
13, 233
Suppose 14*a = 24 + 32. Let n(x) = 128*x - 14. List the prime factors of n(a).
2, 3, 83
Let w = 44289 - 26886. List the prime factors of w.
3, 5801
Let p be 0*(-3 - (-25)/10). Suppose 5*c - 181 = 3*g + 30, p = 2*c - 3*g - 79. Suppose -2*u + 68 = -n, -c = -u - 0*u + 3*n. List the prime factors of u.
2
Let h(z) = z**2 - 12*z - 12. Let f be h(13). Let k be (-6)/27 - f*(-1221)/27. Suppose 3*u = k + 102. List the prime factors of u.
7
Let i(z) = 9*z + 10*z**2 + 77 + 14 - 39. What are the prime factors of i(7)?
5, 11
Let g be 22/(-12) + ((-5)/30)/1. Let f be (0 - 2)*(-33)/g. What are the prime factors of (11/f)/((-1)/282)?
2, 47
Suppose -161641 - 93472 = -43*l + 32385. List the prime factors of l.
2, 3343
Suppose -12*i + 5491 = 3*q - 17*i, -q + 4*i + 1835 = 0. Suppose -12*x + 3*x = -q. List the prime factors of x.
7, 29
Let t be (-2)/(-3) + 2/6. Let s(z) be the second derivative of 149*z**3/6 - 5*z**2/2 + 2104*z. List the prime factors of s(t).
2, 3
Let t be -6 + (-8 - -3 - -11). Suppose t = -185*n + 182*n + 765. What are the prime factors of n?
3, 5, 17
Let b(l) be the second derivative of -11*l**5/10 - l**4/3 + l**3/6 + 5*l**2 + l + 38. What are the prime factors of b(-3)?
5, 113
Let i(n) = 140*n**2 + 34*n - 201. List the prime factors of i(8).
11, 821
Let k(s) be the third derivative of 15*s**2 + 1/24*s**4 + 0*s + 11/6*s**3 + 0. List the prime factors of k(7).
2, 3
Suppose -v + 5 = 2*p + 2*p, -4*v = 2*p + 22. Let i be (-94)/(-10) - ((-33)/5 - v). Suppose -i*o + 122 = -220. What are the prime factors of o?
2, 19
Suppose 42 = -104*v + 106*v. Let d be (-3)/((v/26)/(-7)). What are the prime factors of 1336/120 + (-1 - d/(-30))?
11
Let j(n) = 2*n**3 + n**2 - 13*n + 13. Let h be j(2). Suppose 0 = 5*u - 15, -h*r = -12*r - 4*u + 7072. List the prime factors of r.
2, 353
Suppose -18*v = 336 - 984. List the prime factors of (-75)/2*25/((-50)/v).
3, 5
Suppose -11*n - 15*n + 674280 = -6*n. What are the prime factors of n?
2, 3, 1873
Suppose -24 = -7*r - 24. Suppose -4*a + z + 4963 - 300 = r, 5*a - 5845 = -2*z. What are the prime factors of a?
3, 389
Let n = 270 - 24. Suppose 3*h - n = h. Let w = -67 + h. List the prime factors of w.
2, 7
Suppose -65 = 2*d - 73. Suppose -d*v - 45 = -k, -4*v = -2*k + 35 + 47. What are the prime factors of k?
37
Suppose -w - 77 + 81 = 0. Suppose 0 = 4*m + w*s - 344, -10*m + 5*s - 343 = -14*m. What are the prime factors of m?
3, 29
Let o(p) = 5*p - 5. Let r be o(22). Let h = 504 - r. List the prime factors of h.
3, 7, 19
Let t(y) = 70*y - y**2 - 6 - 43 - 90*y. Let j be t(-17). List the prime factors of j - (-166 - (-3 - 0)).
3, 5, 11
Let u(r) = -2*r**2 - 39*r - 17. Let y be u(-19). Suppose -t - 2 = 0, -3*t + 3303 = 5*l - y*t. What are the prime factors of l?
661
Let k be 28/(-49) + (-370488)/(-84). Suppose 237*o - k = 227*o. List the prime factors of o.
3, 7
Suppose s - 133 = -131. Suppose 3*w = s*r + 2835, -w + r = -1470 + 525. List the prime factors of w.
3, 5, 7
Let y(g) = 224*g**3 - 3*g**2 - 29*g + 78. List the prime factors of y(3).
2, 3, 167
Suppose 4*x - 7844 = -2*d, 0 = 5*x - 8*x + 4*d + 5872. Suppose 0 = -86*s + 84*s + x. What are the prime factors of s?
2, 5, 7
Let g = -87 + 84. Let j be ((-12)/(-9))/(2/g). List the prime factors of (1068/(-30))/(2*j/10).
89
Let o be 1*(2 + 1) - (-2 + 1). Suppose -9 = c - 3*c + 5*n, o*n = c. Suppose i - 272 = -5*v - i, -3*i = c. What are the prime factors of v?
2, 7
Let x be 46/4 - 3/2. Suppose 0 = 2*y + x, -4*y = -3*h + y + 1432. List the prime factors of h.
7, 67
Suppose -95122 = -4*x + 2*k, 2*x - 21*k - 47546 = -23*k. What are the prime factors of x?
2, 3, 1321
Suppose 2*s + 3*v = 73159, 182 = -3*v + 161. What are the prime factors of s?
2, 5, 3659
Suppose 4*y + 9 + 11 = -2*r, 0 = -2*r - 2*y - 10. Suppose -5*w + 3*m + 1877 = 0, 3*w - 5*m - 160 - 963 = r. What are the prime factors of w?
2, 47
Let h be (-215)/(-10) + 3/(-6). Let b = 26 - h. Let w(p) = 15*p + 31. What are the prime factors of w(b)?
2, 53
Suppose -9*q = 239*q - 3697928. What are the prime factors of q?
13, 31, 37
Suppose 21*w = 20*w + 5. Suppose -w*o - 3*o - 352 = 0. Let u = o - -91. What are the prime factors of u?
47
Let u be ((-567)/(-15))/(3/45*3). Let q = u + -75. What are the prime factors of q?
2, 3, 19
Let b = -2 + 3. Let k be 30 - (5 - (b - -1))*-1. Suppose k = -t + 173. What are the prime factors of t?
2, 5, 7
Let l = 38670 - 25676. List the prime factors of l.
2, 73, 89
Let i(y) = 58*y + 49*y + 1 - 1 + 4 + 111*y. What are the prime factors of i(2)?
2, 5, 11
List the prime factors of (-341418)/(-198) + 8/3.
11, 157
Let y(a) = -a**2 - 11*a + 1. Let u be y(-5). Suppose -u*j = -17*j - 1778. List the prime factors of j.
127
Let z(s) = 94*s**2 - 99*s - 1026. What are the prime factors of z(-11)?
11437
Suppose 16*f + 3*w - 130976 = 11*f, 0 = 2*f - w - 52408. What are the prime factors of f?
2, 5, 131
Let t(z) = 3*z**2 + 6*z - 29. Suppose -47 = -4*n + 5. What are the prime factors of t(n)?
2, 139
Let f be (-54)/(-63)*28/6. Let j = -109 + 109. Suppose -f*d = -j*d - 432. List the prime factors of d.
2, 3
Suppose 0*x = -3*x - 15. Let m(c) = 30 + 6*c - 37*c**2 + 3*c + 40*c**2. List the prime factors of m(x).
2, 3, 5
Let b(a) = -a**3 - 27*a**2 - 25*a + 30. Let f be b(-26). Suppose 5*p + 5*q + 236 + 609 = 0, -700 = f*p - 2*q. Let m = 378 + p. What are the prime factors of m?
5, 41
Suppose 0 = -26*j + 30*j + 60. What are the prime factors of 150/j*(-126)/4?
3, 5, 7
Suppose -20*s = -16*s - 776. What are the prime factors of s*1 - (-10)/15*6?
2, 3, 11
List the prime factors of -1307*58/(-6) - 1141/489.
2, 1579
Let p(s) = s**3 + 12*s**2 + 25*s - 9. Let n be p(-9). Let t(c) = 2*c**2 - 7*c + 11. List the prime factors of t(n).
2, 5, 11
What are the prime factors of (-55234)/(-30) - 12/90?
7, 263
Suppose 4*q - 29 = 3. Let y(n) = -2*n + 12*n + 15*n - 5 - 4*n. List the prime factors of y(q).
163
Let n be (6/(36/(-6)))/(1/(-8)). Let i(r) = -91 - 87 + n*r + 167. What are the prime factors of i(4)?
3, 7
Let g(r) = -r**2 - r + 60. Let y be g(-8). What are the prime factors of 44367/483 + (y/(-14))/(-2)?
2, 23
Let s(b) = -b**2 + 13*b + 12. Let j be s(12). Let x = j + -11. Let y(k) = -k**2 + 13*k + 9. List the prime factors of y(x).
3
Let j(m) = -39*m - 44. Let y be j(-1). List the prime factors of (-1536)/(-6) - (-12 + 2)/y.
2, 127
Let z(d) = 306*d + 149. Suppose 2*r = -2*o + 20, 9*o - 14*o + 40 = 3*r. What are the prime factors of z(r)?
23, 73
Suppose 707175 = -76*c + 101*c. List the prime factors of c.
3, 7, 449
Let q(d) = 2*d**3 + 51*d**2 - 28*d - 26. Let i be q(-26). Suppose 0*c + i*c - 36530 = 0. List the prime factors of c.
5, 281
Let w be (-15)/4*(-44)/33. Suppose -812 = -4*k + i, 3*i - w*i = 0. List the prime factors of k.
7, 29
Let q(m) = -8*m + 2. Let g be q(0). What are the prime factors of -1 - g*-2*(-471)/(-12)?
2, 3, 13
Let p be (6 + 10/(-5))*6/8. Suppose p*f - 5*f = 0. Suppose f + 60 = c. List the prime factors of c.
2, 3, 5
Suppose 2*b + 0*b + 88 = 2*j, -j - b + 36 = 0. Let u(q) = -j*q + 2 - 6*q + 4*q - 8*q. List the prime factors of u(-2).
2, 3, 17
Let n = 74 + -65. Let o be n/(-2)*6/(-9). Suppose 10*m + 43 = f + 5*m, 2*m + 129 = o*f. What are the prime factors of f?
43
Let a = 186 + -334. Let o = 233 + a. List the prime factors of o.
5, 17
Let u be (-2)/(-16)*2 + 2/(-8). Suppose -3*q + 6 = u, -6*f - q = -11*f + 1808. What are the prime factors of f?
2, 181
List the prime factors of (-338436)/(-45) - (-11)/55*(0 - -1).
3, 23, 109
Let c = -17488 + 22174. List the prime factors of c.
2, 3, 11, 71
Suppose 0 = 3*s - 51191 - 27445. What are the prime factors of s?
2, 6553
Let f = 737 - -1043. Suppose -5*i = -f - 450. What are the prime factors of i?
2, 2